{"id":241,"date":"2023-04-08T23:26:53","date_gmt":"2023-04-08T23:26:53","guid":{"rendered":"https:\/\/afrikmanagement.com\/?page_id=241"},"modified":"2023-07-14T14:02:10","modified_gmt":"2023-07-14T14:02:10","slug":"mentions-legales","status":"publish","type":"page","link":"https:\/\/afrikmanagement.com\/index.php\/mentions-legales\/","title":{"rendered":"Mentions L\u00e9gales"},"content":{"rendered":"<p><b>Politique de confidentialit\u00e9<\/b><\/p>\n<p><b>Utilisation des donn\u00e9es personnelles collect\u00e9es<\/b><\/p>\n<p><span style=\"font-weight: 400;\">Par d\u00e9faut, nous ne collectons aucune donn\u00e9e personnelle \u00e0 votre sujet si ce n\u2019est des donn\u00e9es statistiques \u00e0 des fins de mesure d\u2019audience. Les donn\u00e9es personnelles que nous pouvons collecter \u00e0 votre sujet dont les suivantes\u00a0:<\/span><\/p>\n<ul>\n<li style=\"font-weight: 400;\" aria-level=\"1\"><b>Identit\u00e9<\/b><span style=\"font-weight: 400;\">\u00a0(nom \/ pr\u00e9nom \/ adresse de messagerie)\u00a0: si vous nous la communiquez au travers du syst\u00e8me de commentaires ou en cr\u00e9ant votre profil sur notre site ou en commandant sur notre boutique en ligne<\/span><\/li>\n<li style=\"font-weight: 400;\" aria-level=\"1\"><b>Pr\u00e9f\u00e9rences de compte personnel\u00a0<\/b><span style=\"font-weight: 400;\">: si vous utilisez le syst\u00e8me de commentaires ou cr\u00e9ez votre profil sur notre site ou commandez sur notre boutique en ligne<\/span><\/li>\n<li style=\"font-weight: 400;\" aria-level=\"1\"><b>Donn\u00e9es transactionnelles<\/b><span style=\"font-weight: 400;\">\u00a0(informations de commande)\u00a0: si vous commandez sur notre boutique en ligne, nous exploitons les donn\u00e9es issues de votre commande \u00e0 des fins statistiques et de service client (vos donn\u00e9es bancaires sont en revanche trait\u00e9es directement par notre partenaire Paypal)<\/span><\/li>\n<li style=\"font-weight: 400;\" aria-level=\"1\"><b>Donn\u00e9es techniques<\/b><span style=\"font-weight: 400;\">\u00a0(informations sur les cookies)\u00a0: si vous acceptez l\u2019utilisation des cookies sur notre site internet<\/span><\/li>\n<\/ul>\n<p><b>Commentaires<\/b><\/p>\n<p><span style=\"font-weight: 400;\">Quand vous laissez un commentaire sur notre site, les donn\u00e9es inscrites dans le formulaire de commentaire, mais aussi votre adresse IP et l\u2019agent utilisateur de votre navigateur sont collect\u00e9s pour nous aider \u00e0 la d\u00e9tection des commentaires ind\u00e9sirables.<\/span><\/p>\n<p><span style=\"font-weight: 400;\">Une cha\u00eene anonymis\u00e9e cr\u00e9\u00e9e \u00e0 partir de votre adresse de messagerie (\u00e9galement appel\u00e9e hash) peut \u00eatre envoy\u00e9e au service Gravatar pour v\u00e9rifier si vous utilisez ce dernier. Les clauses de confidentialit\u00e9 du service Gravatar sont disponibles ici\u00a0: https:\/\/automattic.com\/privacy\/. Apr\u00e8s validation de votre commentaire, votre photo de profil sera visible publiquement \u00e0 cot\u00e9 de votre commentaire.<\/span><\/p>\n<p><b>M\u00e9dias<\/b><\/p>\n<p><span style=\"font-weight: 400;\">Si vous \u00eates un utilisateur ou une utilisatrice enregistr\u00e9\u00b7e et que vous t\u00e9l\u00e9versez des images sur le site web, les donn\u00e9es EXIF de coordonn\u00e9es GPS peuvent \u00eatre visibles par les visiteurs de ce site lorsqu\u2019ils t\u00e9l\u00e9chargent et extraient des donn\u00e9es de localisation depuis ces images.<\/span><\/p>\n<p><b>Formulaires de contact<\/b><\/p>\n<p><span style=\"font-weight: 400;\">Les donn\u00e9es transmises par le biais de formulaire de contact seront conserv\u00e9es pour une dur\u00e9e de 5 ans. Elles ne seront ni transmises \u00e0 des tiers ni utilis\u00e9es \u00e0 des fins commerciales. Vous pouvez toutefois \u00eatre amen\u00e9 \u00e0 recevoir des informations nous concernant.<\/span><\/p>\n<p><b>Cookies<\/b><\/p>\n<p><span style=\"font-weight: 400;\">Si vous d\u00e9posez un commentaire sur notre site, il vous sera propos\u00e9 d\u2019enregistrer votre nom, adresse de messagerie et site web dans des cookies. C\u2019est uniquement pour votre confort afin de ne pas avoir \u00e0 saisir ces informations si vous d\u00e9posez un autre commentaire plus tard. Ces cookies expirent au bout d\u2019un an.<\/span><\/p>\n<p><span style=\"font-weight: 400;\">Si vous avez un compte et que vous vous connectez sur ce site, un cookie temporaire sera cr\u00e9\u00e9 afin de d\u00e9terminer si votre navigateur accepte les cookies. Il ne contient pas de donn\u00e9es personnelles et sera supprim\u00e9 automatiquement \u00e0 la fermeture de votre navigateur.<\/span><\/p>\n<p><span style=\"font-weight: 400;\">Lorsque vous vous connecterez, nous mettrons en place un certain nombre de cookies pour enregistrer vos informations de connexion et vos pr\u00e9f\u00e9rences d\u2019\u00e9cran. La dur\u00e9e de vie d\u2019un cookie de connexion est de deux jours, celle d\u2019un cookie d\u2019option d\u2019\u00e9cran est d\u2019un an. Si vous cochez \u00ab\u00a0Se souvenir de moi\u00a0\u00bb, votre cookie de connexion sera conserv\u00e9 pendant deux semaines. Si vous vous d\u00e9connectez de votre compte, le cookie de connexion sera effac\u00e9.<\/span><\/p>\n<p><span style=\"font-weight: 400;\">En modifiant ou en publiant un article, un cookie suppl\u00e9mentaire sera enregistr\u00e9 dans votre navigateur. Ce cookie ne comprend aucune donn\u00e9e personnelle. Il indique simplement l\u2019identifiant de l\u2019article que vous venez de modifier. Il expire au bout d\u2019un jour.<\/span><\/p>\n<p><b>Contenu embarqu\u00e9 depuis d\u2019autres sites<\/b><\/p>\n<p><span style=\"font-weight: 400;\">Les articles de ce site peuvent inclure des contenus int\u00e9gr\u00e9s (par exemple des vid\u00e9os, images, articles\u2026). Le contenu int\u00e9gr\u00e9 depuis d\u2019autres sites se comporte de la m\u00eame mani\u00e8re que si le visiteur se rendait sur cet autre site.<\/span><\/p>\n<p><span style=\"font-weight: 400;\">Ces sites web pourraient collecter des donn\u00e9es sur vous, utiliser des cookies, embarquer des outils de suivis tiers, suivre vos interactions avec ces contenus embarqu\u00e9s si vous disposez d\u2019un compte connect\u00e9 sur leur site web.<\/span><\/p>\n<p><b>Statistiques et mesures d\u2019audience<\/b><\/p>\n<p><span style=\"font-weight: 400;\">Afrik Management\u00a0 utilise des outils en vue d\u2019obtenir des statistiques et mesures d\u2019audience sur son lectorat. Les donn\u00e9es personnelles re\u00e7ues dans ce cadre sont anonymis\u00e9es et ne sont pas utilis\u00e9es \u00e0 d\u2019autres fins.<\/span><\/p>\n<p><b>Utilisation et transmission de vos donn\u00e9es personnelles<\/b><\/p>\n<p><span style=\"font-weight: 400;\">Les commentaires des visiteurs peuvent \u00eatre v\u00e9rifi\u00e9s \u00e0 l\u2019aide d\u2019un service automatis\u00e9 de d\u00e9tection des commentaires ind\u00e9sirables.<\/span><\/p>\n<p><span style=\"font-weight: 400;\">Les commandes peuvent \u00eatre trait\u00e9es par l\u2019interm\u00e9diaire de notre partenaire Paypal.<\/span><\/p>\n<p><b>Dur\u00e9es de stockage de vos donn\u00e9es<\/b><\/p>\n<p><span style=\"font-weight: 400;\">Si vous laissez un commentaire, le commentaire et ses m\u00e9tadonn\u00e9es sont conserv\u00e9s ind\u00e9finiment. Cela permet de reconna\u00eetre et approuver automatiquement les commentaires suivants au lieu de les laisser dans la file de mod\u00e9ration.<\/span><\/p>\n<p><span style=\"font-weight: 400;\">Pour les utilisateurs et utilisatrices qui s\u2019enregistrent sur notre site (si cela est possible), nous stockons \u00e9galement les donn\u00e9es personnelles indiqu\u00e9es dans leur profil. Tous les utilisateurs et utilisatrices peuvent voir, modifier ou supprimer leurs informations personnelles \u00e0 tout moment (\u00e0 l\u2019exception de leur nom d\u2019utilisateur\u00b7ice). Les gestionnaires du site peuvent aussi voir et modifier ces informations.<\/span><\/p>\n<p><b>Les droits que vous avez sur vos donn\u00e9es<\/b><\/p>\n<p><span style=\"font-weight: 400;\">Si vous avez un compte ou si vous avez laiss\u00e9 des commentaires sur le site, vous pouvez demander \u00e0 recevoir un fichier contenant toutes les donn\u00e9es personnelles que nous poss\u00e9dons \u00e0 votre sujet, incluant celles que vous nous avez fournies. Vous pouvez \u00e9galement demander la suppression des donn\u00e9es personnelles vous concernant. Cela ne prend pas en compte les donn\u00e9es stock\u00e9es \u00e0 des fins administratives, l\u00e9gales ou pour des raisons de s\u00e9curit\u00e9.\u00a0<\/span><\/p>\n<p><b>Transmission de vos donn\u00e9es personnelles<\/b><\/p>\n<p><span style=\"font-weight: 400;\">Les commentaires des visiteurs peuvent \u00eatre v\u00e9rifi\u00e9s \u00e0 l\u2019aide d\u2019un service automatis\u00e9 de d\u00e9tection des commentaires ind\u00e9sirables.<\/span><\/p>\n<p><span style=\"font-weight: 400;\">Les commandes peuvent \u00eatre trait\u00e9es par l\u2019interm\u00e9diaire de notre partenaire Paypal\u00a0<\/span><\/p>\n<p><b>Informations de contact<\/b><\/p>\n<p><span style=\"font-weight: 400;\">Toute demande relative \u00e0 vos donn\u00e9es personnelles et, plus g\u00e9n\u00e9ralement, au respect de votre vie priv\u00e9e peut s\u2019exercer par mail \u00e0 <\/span><a href=\"mailto:privacy@am.tn\"><span style=\"font-weight: 400;\">privacy@am.tn<\/span><\/a><span style=\"font-weight: 400;\">\u00a0<\/span><\/p>\n<p><b>Informations suppl\u00e9mentaires<\/b><\/p>\n<p><b>Comment nous prot\u00e9geons vos donn\u00e9es<\/b><\/p>\n<p><span style=\"font-weight: 400;\">Nous n\u2019enregistrons que les donn\u00e9es strictement n\u00e9cessaires dans le cadre de notre activit\u00e9.<\/span><\/p>\n<p><b>Proc\u00e9dures mises en \u0153uvre en cas de fuite de donn\u00e9es<\/b><\/p>\n<p><span style=\"font-weight: 400;\">En cas de fuite de donn\u00e9es, nous nous engageons en faire part aux utilisateurs concern\u00e9s sans d\u00e9lai et \u00e0 prendre les mesures n\u00e9cessaires \u00e0 la protection de vos int\u00e9r\u00eats.<\/span><\/p>\n","protected":false},"excerpt":{"rendered":"<p>Politique de confidentialit\u00e9 Utilisation des donn\u00e9es personnelles collect\u00e9es Par d\u00e9faut, nous ne collectons aucune donn\u00e9e personnelle \u00e0 votre sujet si ce n\u2019est des donn\u00e9es statistiques \u00e0 des fins de mesure d\u2019audience. Les donn\u00e9es personnelles que nous pouvons collecter \u00e0 votre sujet dont les suivantes\u00a0: Identit\u00e9\u00a0(nom \/ pr\u00e9nom \/ adresse de messagerie)\u00a0: si vous nous la communiquez au travers du syst\u00e8me de commentaires ou en cr\u00e9ant votre profil sur notre site ou en commandant sur notre boutique en ligne Pr\u00e9f\u00e9rences de compte personnel\u00a0: si vous utilisez le syst\u00e8me de commentaires ou cr\u00e9ez votre profil sur notre site ou commandez sur notre [&hellip;]<\/p>\n","protected":false},"author":5,"featured_media":0,"parent":0,"menu_order":0,"comment_status":"closed","ping_status":"closed","template":"","meta":{"footnotes":""},"class_list":["post-241","page","type-page","status-publish","hentry"],"yoast_head":"<!-- This site is optimized with the Yoast SEO plugin v27.4 - https:\/\/yoast.com\/product\/yoast-seo-wordpress\/ -->\n<title>Mentions L\u00e9gales - AFRIK Management<\/title>\n<meta name=\"robots\" content=\"index, follow, max-snippet:-1, max-image-preview:large, max-video-preview:-1\" \/>\n<link rel=\"canonical\" href=\"https:\/\/afrikmanagement.com\/index.php\/mentions-legales\/\" \/>\n<meta property=\"og:locale\" content=\"fr_FR\" \/>\n<meta property=\"og:type\" content=\"article\" \/>\n<meta property=\"og:title\" content=\"Mentions L\u00e9gales - AFRIK Management\" \/>\n<meta property=\"og:description\" content=\"Politique de confidentialit\u00e9 Utilisation des donn\u00e9es personnelles collect\u00e9es Par d\u00e9faut, nous ne collectons aucune donn\u00e9e personnelle \u00e0 votre sujet si ce n\u2019est des donn\u00e9es statistiques \u00e0 des fins de mesure d\u2019audience. Les donn\u00e9es personnelles que nous pouvons collecter \u00e0 votre sujet dont les suivantes\u00a0: Identit\u00e9\u00a0(nom \/ pr\u00e9nom \/ adresse de messagerie)\u00a0: si vous nous la communiquez au travers du syst\u00e8me de commentaires ou en cr\u00e9ant votre profil sur notre site ou en commandant sur notre boutique en ligne Pr\u00e9f\u00e9rences de compte personnel\u00a0: si vous utilisez le syst\u00e8me de commentaires ou cr\u00e9ez votre profil sur notre site ou commandez sur notre [&hellip;]\" \/>\n<meta property=\"og:url\" content=\"https:\/\/afrikmanagement.com\/index.php\/mentions-legales\/\" \/>\n<meta property=\"og:site_name\" content=\"AFRIK Management\" \/>\n<meta property=\"article:publisher\" content=\"https:\/\/www.facebook.com\/afrikmanagement\" \/>\n<meta property=\"article:modified_time\" content=\"2023-07-14T14:02:10+00:00\" \/>\n<meta name=\"twitter:card\" content=\"summary_large_image\" \/>\n<meta name=\"twitter:site\" content=\"@AfrikManagement\" \/>\n<meta name=\"twitter:label1\" content=\"Dur\u00e9e de lecture estim\u00e9e\" \/>\n\t<meta name=\"twitter:data1\" content=\"6 minutes\" \/>\n<script type=\"application\/ld+json\" class=\"yoast-schema-graph\">{\"@context\":\"https:\\\/\\\/schema.org\",\"@graph\":[{\"@type\":\"WebPage\",\"@id\":\"https:\\\/\\\/afrikmanagement.com\\\/index.php\\\/mentions-legales\\\/\",\"url\":\"https:\\\/\\\/afrikmanagement.com\\\/index.php\\\/mentions-legales\\\/\",\"name\":\"Mentions L\u00e9gales - AFRIK Management\",\"isPartOf\":{\"@id\":\"https:\\\/\\\/afrikmanagement.com\\\/#website\"},\"datePublished\":\"2023-04-08T23:26:53+00:00\",\"dateModified\":\"2023-07-14T14:02:10+00:00\",\"breadcrumb\":{\"@id\":\"https:\\\/\\\/afrikmanagement.com\\\/index.php\\\/mentions-legales\\\/#breadcrumb\"},\"inLanguage\":\"fr-FR\",\"potentialAction\":[{\"@type\":\"ReadAction\",\"target\":[\"https:\\\/\\\/afrikmanagement.com\\\/index.php\\\/mentions-legales\\\/\"]}]},{\"@type\":\"BreadcrumbList\",\"@id\":\"https:\\\/\\\/afrikmanagement.com\\\/index.php\\\/mentions-legales\\\/#breadcrumb\",\"itemListElement\":[{\"@type\":\"ListItem\",\"position\":1,\"name\":\"Accueil\",\"item\":\"https:\\\/\\\/afrikmanagement.com\\\/\"},{\"@type\":\"ListItem\",\"position\":2,\"name\":\"Mentions L\u00e9gales\"}]},{\"@type\":\"WebSite\",\"@id\":\"https:\\\/\\\/afrikmanagement.com\\\/#website\",\"url\":\"https:\\\/\\\/afrikmanagement.com\\\/\",\"name\":\"AFRIK Management\",\"description\":\"\",\"publisher\":{\"@id\":\"https:\\\/\\\/afrikmanagement.com\\\/#organization\"},\"potentialAction\":[{\"@type\":\"SearchAction\",\"target\":{\"@type\":\"EntryPoint\",\"urlTemplate\":\"https:\\\/\\\/afrikmanagement.com\\\/?s={search_term_string}\"},\"query-input\":{\"@type\":\"PropertyValueSpecification\",\"valueRequired\":true,\"valueName\":\"search_term_string\"}}],\"inLanguage\":\"fr-FR\"},{\"@type\":\"Organization\",\"@id\":\"https:\\\/\\\/afrikmanagement.com\\\/#organization\",\"name\":\"AFRIK Management\",\"url\":\"https:\\\/\\\/afrikmanagement.com\\\/\",\"logo\":{\"@type\":\"ImageObject\",\"inLanguage\":\"fr-FR\",\"@id\":\"https:\\\/\\\/afrikmanagement.com\\\/#\\\/schema\\\/logo\\\/image\\\/\",\"url\":\"https:\\\/\\\/afrikmanagement.com\\\/wp-content\\\/uploads\\\/2023\\\/04\\\/Logo-Arik_Plan-de-travail-1-01.svg\",\"contentUrl\":\"https:\\\/\\\/afrikmanagement.com\\\/wp-content\\\/uploads\\\/2023\\\/04\\\/Logo-Arik_Plan-de-travail-1-01.svg\",\"width\":1,\"height\":1,\"caption\":\"AFRIK Management\"},\"image\":{\"@id\":\"https:\\\/\\\/afrikmanagement.com\\\/#\\\/schema\\\/logo\\\/image\\\/\"},\"sameAs\":[\"https:\\\/\\\/www.facebook.com\\\/afrikmanagement\",\"https:\\\/\\\/x.com\\\/AfrikManagement\"]}]}<\/script>\n<!-- \/ Yoast SEO plugin. -->","yoast_head_json":{"title":"Mentions L\u00e9gales - AFRIK Management","robots":{"index":"index","follow":"follow","max-snippet":"max-snippet:-1","max-image-preview":"max-image-preview:large","max-video-preview":"max-video-preview:-1"},"canonical":"https:\/\/afrikmanagement.com\/index.php\/mentions-legales\/","og_locale":"fr_FR","og_type":"article","og_title":"Mentions L\u00e9gales - AFRIK Management","og_description":"Politique de confidentialit\u00e9 Utilisation des donn\u00e9es personnelles collect\u00e9es Par d\u00e9faut, nous ne collectons aucune donn\u00e9e personnelle \u00e0 votre sujet si ce n\u2019est des donn\u00e9es statistiques \u00e0 des fins de mesure d\u2019audience. Les donn\u00e9es personnelles que nous pouvons collecter \u00e0 votre sujet dont les suivantes\u00a0: Identit\u00e9\u00a0(nom \/ pr\u00e9nom \/ adresse de messagerie)\u00a0: si vous nous la communiquez au travers du syst\u00e8me de commentaires ou en cr\u00e9ant votre profil sur notre site ou en commandant sur notre boutique en ligne Pr\u00e9f\u00e9rences de compte personnel\u00a0: si vous utilisez le syst\u00e8me de commentaires ou cr\u00e9ez votre profil sur notre site ou commandez sur notre [&hellip;]","og_url":"https:\/\/afrikmanagement.com\/index.php\/mentions-legales\/","og_site_name":"AFRIK Management","article_publisher":"https:\/\/www.facebook.com\/afrikmanagement","article_modified_time":"2023-07-14T14:02:10+00:00","twitter_card":"summary_large_image","twitter_site":"@AfrikManagement","twitter_misc":{"Dur\u00e9e de lecture estim\u00e9e":"6 minutes"},"schema":{"@context":"https:\/\/schema.org","@graph":[{"@type":"WebPage","@id":"https:\/\/afrikmanagement.com\/index.php\/mentions-legales\/","url":"https:\/\/afrikmanagement.com\/index.php\/mentions-legales\/","name":"Mentions L\u00e9gales - AFRIK Management","isPartOf":{"@id":"https:\/\/afrikmanagement.com\/#website"},"datePublished":"2023-04-08T23:26:53+00:00","dateModified":"2023-07-14T14:02:10+00:00","breadcrumb":{"@id":"https:\/\/afrikmanagement.com\/index.php\/mentions-legales\/#breadcrumb"},"inLanguage":"fr-FR","potentialAction":[{"@type":"ReadAction","target":["https:\/\/afrikmanagement.com\/index.php\/mentions-legales\/"]}]},{"@type":"BreadcrumbList","@id":"https:\/\/afrikmanagement.com\/index.php\/mentions-legales\/#breadcrumb","itemListElement":[{"@type":"ListItem","position":1,"name":"Accueil","item":"https:\/\/afrikmanagement.com\/"},{"@type":"ListItem","position":2,"name":"Mentions L\u00e9gales"}]},{"@type":"WebSite","@id":"https:\/\/afrikmanagement.com\/#website","url":"https:\/\/afrikmanagement.com\/","name":"AFRIK Management","description":"","publisher":{"@id":"https:\/\/afrikmanagement.com\/#organization"},"potentialAction":[{"@type":"SearchAction","target":{"@type":"EntryPoint","urlTemplate":"https:\/\/afrikmanagement.com\/?s={search_term_string}"},"query-input":{"@type":"PropertyValueSpecification","valueRequired":true,"valueName":"search_term_string"}}],"inLanguage":"fr-FR"},{"@type":"Organization","@id":"https:\/\/afrikmanagement.com\/#organization","name":"AFRIK Management","url":"https:\/\/afrikmanagement.com\/","logo":{"@type":"ImageObject","inLanguage":"fr-FR","@id":"https:\/\/afrikmanagement.com\/#\/schema\/logo\/image\/","url":"https:\/\/afrikmanagement.com\/wp-content\/uploads\/2023\/04\/Logo-Arik_Plan-de-travail-1-01.svg","contentUrl":"https:\/\/afrikmanagement.com\/wp-content\/uploads\/2023\/04\/Logo-Arik_Plan-de-travail-1-01.svg","width":1,"height":1,"caption":"AFRIK Management"},"image":{"@id":"https:\/\/afrikmanagement.com\/#\/schema\/logo\/image\/"},"sameAs":["https:\/\/www.facebook.com\/afrikmanagement","https:\/\/x.com\/AfrikManagement"]}]}},"_links":{"self":[{"href":"https:\/\/afrikmanagement.com\/index.php\/wp-json\/wp\/v2\/pages\/241","targetHints":{"allow":["GET"]}}],"collection":[{"href":"https:\/\/afrikmanagement.com\/index.php\/wp-json\/wp\/v2\/pages"}],"about":[{"href":"https:\/\/afrikmanagement.com\/index.php\/wp-json\/wp\/v2\/types\/page"}],"author":[{"embeddable":true,"href":"https:\/\/afrikmanagement.com\/index.php\/wp-json\/wp\/v2\/users\/5"}],"replies":[{"embeddable":true,"href":"https:\/\/afrikmanagement.com\/index.php\/wp-json\/wp\/v2\/comments?post=241"}],"version-history":[{"count":2,"href":"https:\/\/afrikmanagement.com\/index.php\/wp-json\/wp\/v2\/pages\/241\/revisions"}],"predecessor-version":[{"id":1433,"href":"https:\/\/afrikmanagement.com\/index.php\/wp-json\/wp\/v2\/pages\/241\/revisions\/1433"}],"wp:attachment":[{"href":"https:\/\/afrikmanagement.com\/index.php\/wp-json\/wp\/v2\/media?parent=241"}],"curies":[{"name":"wp","href":"https:\/\/api.w.org\/{rel}","templated":true}]}}