{"version":"1.0","provider_name":"AFRIK Management","provider_url":"https:\/\/afrikmanagement.com","author_name":"admin","author_url":"https:\/\/afrikmanagement.com\/index.php\/author\/wxrmg2xuqd\/","title":"A propos de M. Amadou Diallo - AFRIK Management","type":"rich","width":600,"height":338,"html":"<blockquote class=\"wp-embedded-content\" data-secret=\"Il9ebPFowM\"><a href=\"https:\/\/afrikmanagement.com\/index.php\/2025\/03\/22\/a-propos-de-m-amadou-diallo\/\">A propos de M. Amadou Diallo<\/a><\/blockquote><iframe sandbox=\"allow-scripts\" security=\"restricted\" src=\"https:\/\/afrikmanagement.com\/index.php\/2025\/03\/22\/a-propos-de-m-amadou-diallo\/embed\/#?secret=Il9ebPFowM\" width=\"600\" height=\"338\" title=\"\u00ab\u00a0A propos de M. Amadou Diallo\u00a0\u00bb &#8212; AFRIK Management\" data-secret=\"Il9ebPFowM\" frameborder=\"0\" marginwidth=\"0\" marginheight=\"0\" scrolling=\"no\" class=\"wp-embedded-content\"><\/iframe><script type=\"text\/javascript\">\n\/* <![CDATA[ *\/\n\/*! This file is auto-generated *\/\n!function(d,l){\"use strict\";l.querySelector&&d.addEventListener&&\"undefined\"!=typeof URL&&(d.wp=d.wp||{},d.wp.receiveEmbedMessage||(d.wp.receiveEmbedMessage=function(e){var t=e.data;if((t||t.secret||t.message||t.value)&&!\/[^a-zA-Z0-9]\/.test(t.secret)){for(var s,r,n,a=l.querySelectorAll('iframe[data-secret=\"'+t.secret+'\"]'),o=l.querySelectorAll('blockquote[data-secret=\"'+t.secret+'\"]'),c=new RegExp(\"^https?:$\",\"i\"),i=0;i<o.length;i++)o[i].style.display=\"none\";for(i=0;i<a.length;i++)s=a[i],e.source===s.contentWindow&&(s.removeAttribute(\"style\"),\"height\"===t.message?(1e3<(r=parseInt(t.value,10))?r=1e3:~~r<200&&(r=200),s.height=r):\"link\"===t.message&&(r=new URL(s.getAttribute(\"src\")),n=new URL(t.value),c.test(n.protocol))&&n.host===r.host&&l.activeElement===s&&(d.top.location.href=t.value))}},d.addEventListener(\"message\",d.wp.receiveEmbedMessage,!1),l.addEventListener(\"DOMContentLoaded\",function(){for(var e,t,s=l.querySelectorAll(\"iframe.wp-embedded-content\"),r=0;r<s.length;r++)(t=(e=s[r]).getAttribute(\"data-secret\"))||(t=Math.random().toString(36).substring(2,12),e.src+=\"#?secret=\"+t,e.setAttribute(\"data-secret\",t)),e.contentWindow.postMessage({message:\"ready\",secret:t},\"*\")},!1)))}(window,document);\n\/\/# sourceURL=https:\/\/afrikmanagement.com\/wp-includes\/js\/wp-embed.min.js\n\/* ]]> *\/\n<\/script>\n","thumbnail_url":"https:\/\/afrikmanagement.com\/wp-content\/uploads\/2025\/03\/amadou.png","thumbnail_width":570,"thumbnail_height":300,"description":"Directeur G\u00e9n\u00e9ral C\u00f4te d\u2019Ivoire de JCDecaux Amadou DIALLO incarne la redynamisation de la communication ext\u00e9rieure en C\u00f4te d&#8217;Ivoire. Avec plus de 10 ans d&#8217;exp\u00e9rience en communication, il a d\u00e9but\u00e9 sa carri\u00e8re en 2014 en tant que stagiaire contr\u00f4leur de gestion chez Cyclo-city \u00e0 Arcueil-Cachan, en France. De retour en C\u00f4te d&#8217;Ivoire en 2015, Amadou a gravi les \u00e9chelons, passant de responsable du d\u00e9veloppement \u00e0 Directeur du d\u00e9veloppement et des relations institutionnelles. Son expertise dans la publicit\u00e9 ext\u00e9rieure et ses comp\u00e9tences en vente et n\u00e9gociation ont contribu\u00e9 au d\u00e9veloppement de partenariats cl\u00e9s, notamment avec les centres commerciaux PlaYce, l&#8217;A\u00e9roport International d&#8217;Abidjan, [&hellip;]"}

Directeur Général Côte d’Ivoire de JCDecaux Amadou DIALLO incarne la redynamisation de la communication extérieure en Côte d&#8217;Ivoire. Avec plus de 10 ans d&#8217;expérience en communication, il a débuté sa carrière en 2014 en tant que stagiaire contrôleur de gestion chez Cyclo-city à Arcueil-Cachan, en France. De retour en Côte d&#8217;Ivoire en 2015, Amadou a gravi les échelons, passant de responsable du développement à Directeur du développement et des relations institutionnelles. Son expertise dans la publicité extérieure et ses compétences en vente et négociation ont contribué au développement de partenariats clés, notamment avec les centres commerciaux PlaYce, l&#8217;Aéroport International d&#8217;Abidjan, [&hellip;]
