{"version":"1.0","provider_name":"AFRIK Management","provider_url":"https:\/\/afrikmanagement.com","author_name":"admin","author_url":"https:\/\/afrikmanagement.com\/index.php\/author\/wxrmg2xuqd\/","title":"L\u2019ENTREPRENEURIAT C\u2019EST LA VRAIE \u00c9COLE DE LA VIE - AFRIK Management","type":"rich","width":600,"height":338,"html":"<blockquote class=\"wp-embedded-content\" data-secret=\"2qvme29Jze\"><a href=\"https:\/\/afrikmanagement.com\/index.php\/2023\/11\/30\/lentrepreneuriat-cest-la-vraie-ecole-de-la-vie\/\">L\u2019ENTREPRENEURIAT C\u2019EST LA VRAIE \u00c9COLE DE LA VIE<\/a><\/blockquote><iframe sandbox=\"allow-scripts\" security=\"restricted\" src=\"https:\/\/afrikmanagement.com\/index.php\/2023\/11\/30\/lentrepreneuriat-cest-la-vraie-ecole-de-la-vie\/embed\/#?secret=2qvme29Jze\" width=\"600\" height=\"338\" title=\"\u00ab\u00a0L\u2019ENTREPRENEURIAT C\u2019EST LA VRAIE \u00c9COLE DE LA VIE\u00a0\u00bb &#8212; AFRIK Management\" data-secret=\"2qvme29Jze\" frameborder=\"0\" marginwidth=\"0\" marginheight=\"0\" scrolling=\"no\" class=\"wp-embedded-content\"><\/iframe><script type=\"text\/javascript\">\n\/* <![CDATA[ *\/\n\/*! This file is auto-generated *\/\n!function(d,l){\"use strict\";l.querySelector&&d.addEventListener&&\"undefined\"!=typeof URL&&(d.wp=d.wp||{},d.wp.receiveEmbedMessage||(d.wp.receiveEmbedMessage=function(e){var t=e.data;if((t||t.secret||t.message||t.value)&&!\/[^a-zA-Z0-9]\/.test(t.secret)){for(var s,r,n,a=l.querySelectorAll('iframe[data-secret=\"'+t.secret+'\"]'),o=l.querySelectorAll('blockquote[data-secret=\"'+t.secret+'\"]'),c=new RegExp(\"^https?:$\",\"i\"),i=0;i<o.length;i++)o[i].style.display=\"none\";for(i=0;i<a.length;i++)s=a[i],e.source===s.contentWindow&&(s.removeAttribute(\"style\"),\"height\"===t.message?(1e3<(r=parseInt(t.value,10))?r=1e3:~~r<200&&(r=200),s.height=r):\"link\"===t.message&&(r=new URL(s.getAttribute(\"src\")),n=new URL(t.value),c.test(n.protocol))&&n.host===r.host&&l.activeElement===s&&(d.top.location.href=t.value))}},d.addEventListener(\"message\",d.wp.receiveEmbedMessage,!1),l.addEventListener(\"DOMContentLoaded\",function(){for(var e,t,s=l.querySelectorAll(\"iframe.wp-embedded-content\"),r=0;r<s.length;r++)(t=(e=s[r]).getAttribute(\"data-secret\"))||(t=Math.random().toString(36).substring(2,12),e.src+=\"#?secret=\"+t,e.setAttribute(\"data-secret\",t)),e.contentWindow.postMessage({message:\"ready\",secret:t},\"*\")},!1)))}(window,document);\n\/\/# sourceURL=https:\/\/afrikmanagement.com\/wp-includes\/js\/wp-embed.min.js\n\/* ]]> *\/\n<\/script>\n","thumbnail_url":"https:\/\/afrikmanagement.com\/wp-content\/uploads\/2023\/11\/telechargement-18-6.jpeg","thumbnail_width":306,"thumbnail_height":164,"description":"A moins de 4 semaines du premier tour des pr\u00e9sidentielles 2017, tr\u00e8s peu de candidats ont finalement parl\u00e9 de leur programme, tellement il y a d\u2019affaires autour de bons nombres d\u2019entre eux\u2026 Au d\u00e9triment des \u00e9lecteurs qui sont totalement perdus. Si je ne me suis pas pench\u00e9e sur toutes leurs propositions, j\u2019ai regard\u00e9 pas mal de d\u00e9bats en live sur BFMTV (tr\u00e8s bonne id\u00e9e d\u2019ailleurs) et lu les mesures de certains d\u2019entre eux, notamment sur l\u2019entrepreneuriat. Ce qui me frappe d\u2019une part c\u2019est la phrase \u201cc\u2019est le candidat des entrepreneurs\u201d, que j\u2019ai relev\u00e9e plusieurs fois de la part des uns [&hellip;]"}

L’ENTREPRENEURIAT C’EST LA VRAIE ÉCOLE DE LA VIE - AFRIK Management

<blockquote class="wp-embedded-content" data-secret="2qvme29Jze"><a href="https://afrikmanagement.com/index.php/2023/11/30/lentrepreneuriat-cest-la-vraie-ecole-de-la-vie/">L’ENTREPRENEURIAT C’EST LA VRAIE ÉCOLE DE LA VIE</a></blockquote><iframe sandbox="allow-scripts" security="restricted" src="https://afrikmanagement.com/index.php/2023/11/30/lentrepreneuriat-cest-la-vraie-ecole-de-la-vie/embed/#?secret=2qvme29Jze" width="600" height="338" title="« L’ENTREPRENEURIAT C’EST LA VRAIE ÉCOLE DE LA VIE » &#8212; AFRIK Management" data-secret="2qvme29Jze" frameborder="0" marginwidth="0" marginheight="0" scrolling="no" class="wp-embedded-content"></iframe><script type="text/javascript">
/* <![CDATA[ */
/*! This file is auto-generated */
!function(d,l){"use strict";l.querySelector&&d.addEventListener&&"undefined"!=typeof URL&&(d.wp=d.wp||{},d.wp.receiveEmbedMessage||(d.wp.receiveEmbedMessage=function(e){var t=e.data;if((t||t.secret||t.message||t.value)&&!/[^a-zA-Z0-9]/.test(t.secret)){for(var s,r,n,a=l.querySelectorAll('iframe[data-secret="'+t.secret+'"]'),o=l.querySelectorAll('blockquote[data-secret="'+t.secret+'"]'),c=new RegExp("^https?:$","i"),i=0;i<o.length;i++)o[i].style.display="none";for(i=0;i<a.length;i++)s=a[i],e.source===s.contentWindow&&(s.removeAttribute("style"),"height"===t.message?(1e3<(r=parseInt(t.value,10))?r=1e3:~~r<200&&(r=200),s.height=r):"link"===t.message&&(r=new URL(s.getAttribute("src")),n=new URL(t.value),c.test(n.protocol))&&n.host===r.host&&l.activeElement===s&&(d.top.location.href=t.value))}},d.addEventListener("message",d.wp.receiveEmbedMessage,!1),l.addEventListener("DOMContentLoaded",function(){for(var e,t,s=l.querySelectorAll("iframe.wp-embedded-content"),r=0;r<s.length;r++)(t=(e=s[r]).getAttribute("data-secret"))||(t=Math.random().toString(36).substring(2,12),e.src+="#?secret="+t,e.setAttribute("data-secret",t)),e.contentWindow.postMessage({message:"ready",secret:t},"*")},!1)))}(window,document);
//# sourceURL=https://afrikmanagement.com/wp-includes/js/wp-embed.min.js
/* ]]> */
</script>

A moins de 4 semaines du premier tour des présidentielles 2017, très peu de candidats ont finalement parlé de leur programme, tellement il y a d’affaires autour de bons nombres d’entre eux… Au détriment des électeurs qui sont totalement perdus. Si je ne me suis pas penchée sur toutes leurs propositions, j’ai regardé pas mal de débats en live sur BFMTV (très bonne idée d’ailleurs) et lu les mesures de certains d’entre eux, notamment sur l’entrepreneuriat. Ce qui me frappe d’une part c’est la phrase “c’est le candidat des entrepreneurs”, que j’ai relevée plusieurs fois de la part des uns [&hellip;]
